-46. What is the greatest common factor of 4 and x?
4
Let d(z) = -z**3 + 51*z**2 - 58*z + 500. Let o be d(50). What is the greatest common divisor of 750 and o?
50
Suppose 0 = -4*k + 3*h + 32, 0*h + 4*h = -16. Let u(a) = -a**2 + a. Let m be u(1). Let i = k - m. What is the highest common divisor of i and 5?
5
Let m(t) = 4*t**2 + 12*t - 58. Let y be m(11). Calculate the highest common divisor of y and 18.
18
Let v(n) = -n**2 - 8*n + 23. Let o be v(6). Let a = 73 + o. What is the greatest common factor of 3 and a?
3
Suppose -c = 3*x - 18, 0 = -5*c - 0*x - x + 90. What is the greatest common factor of 3852 and c?
18
Let b(f) be the third derivative of 3/4*f**4 + 0*f - 8*f**2 + 0 - 3/2*f**3. Let n be b(4). Calculate the highest common factor of 9 and n.
9
Suppose 6*z - 7 = 239. What is the highest common factor of 1 and z?
1
Let z be 89/13 - 26/(-169). Suppose 138 = z*u - 51. Calculate the greatest common factor of 9 and u.
9
Suppose -7 = -3*p - 1. Let a be ((-9)/(-27))/(p/36). What is the greatest common divisor of a and 2?
2
Let q = 14 - 14. Suppose n - 4*t = -27, 4*n + q*n - 3*t = -56. Let g = n + 14. What is the highest common divisor of 6 and g?
3
Let d(r) = -r**2 + 59*r + 8 - 50*r - 29*r + 2*r**2. Let u be d(20). Calculate the highest common factor of 16 and u.
8
Let m = -4 + 6. Suppose 2*j - m*b = -3*b, 5*j + 4*b + 6 = 0. Suppose 2 = j*k - k. What is the highest common factor of 14 and k?
2
Suppose -3*m = 3*k - 43 - 77, 3*m - 112 = 5*k. Let a = 5 + 8. Calculate the greatest common divisor of m and a.
13
Suppose 3*w - 124 = -4*r + 299, 92 = r - 2*w. Calculate the greatest common factor of 34 and r.
34
Let f(q) = -10*q - 60. Let r be f(-17). Calculate the highest common divisor of 176 and r.
22
Let a = -365 + 374. What is the greatest common divisor of 108 and a?
9
Let h(s) = 6*s**3 + s**2 - 1. Let g be h(1). Suppose 4*t + 6 = -3*i, 187*i + 30 = 4*t + 184*i. Calculate the highest common divisor of g and t.
3
Let s(v) = v**2 + 4*v + 1. Suppose -r = -4*r - 15. Let n be s(r). Let i(u) = u**3 + 3*u**2 - 12. Let w be i(3). Calculate the highest common divisor of w and n.
6
Let k(m) be the first derivative of m**3 - 3*m**2 + m - 14. Let i be k(3). Calculate the highest common factor of i and 70.
10
Suppose 1516*h - 1522*h + 1512 = 0. Calculate the greatest common divisor of 144 and h.
36
Let a = 454 + -444. What is the highest common divisor of a and 30?
10
Suppose 4*b + 3*a + 186 = 6*a, -172 = 4*b + 4*a. Let r = 3 - b. Suppose -5*o + 28 = -5*y + 3, -8 = -o - 2*y. What is the greatest common divisor of o and r?
6
Let o = -36 - 1. Let u = -25 - o. Calculate the highest common factor of u and 60.
12
Let p(s) = 15*s - 4. Let w be p(7). Suppose 0*f - 3*v = -f + 23, 5*f = v + w. Let k be (-1)/8 + -1203*4/(-96). What is the highest common divisor of f and k?
10
Let q = -95 + 119. Calculate the highest common divisor of q and 120.
24
Suppose 0 = 985*d - 981*d - 68. Suppose 6*a - 3*a - 408 = 0. What is the highest common factor of d and a?
17
Let v = -281 - -190. Let p = v + 147. Calculate the highest common factor of 8 and p.
8
Let z be (40/12)/((-2)/6). Let s(m) be the first derivative of -9*m**2/2 - 14*m - 6. Let a be s(z). What is the highest common factor of a and 19?
19
Let m be 61/305 + (28/10 - 2). What is the greatest common factor of m and 122?
1
Suppose 2*m = 3*z + 352, m - 4*z - 39 = 137. Suppose 0 = -2*g + 3*g + 1. Let x be 14 + g*(0 - 2). Calculate the highest common divisor of x and m.
16
Let k be 7 + -3 + (-4)/(-1). What is the highest common divisor of 12 and k?
4
Suppose 0 = 3*f + 15. Let a = 0 - f. Suppose -4*u = -5*b - 0*b + 240, a*u = 0. Calculate the greatest common factor of 72 and b.
24
Suppose 0 = 19*h - 65*h + 690. Calculate the greatest common divisor of 215 and h.
5
Suppose -x = -w - 1, -5*w - 39 = 3*x + 6. Let p be 9/w - 4/(-8). Let q be ((-3 - -5) + -82)/p. What is the highest common divisor of 20 and q?
20
Let h be (-7)/((-14)/8) + -1. Let q = 1 + h. Suppose -4*j = -q - 12. What is the highest common factor of 36 and j?
4
Suppose -3648 = -8*a - 8*a. Suppose -2*f + 17 + 7 = 0. What is the highest common factor of f and a?
12
Let r = 392 - 364. Calculate the greatest common factor of r and 476.
28
Let g be (-10)/25 - (-471)/15. Let d = -5 + g. Calculate the greatest common factor of d and 65.
13
Let a(q) = 5*q**2 + 8*q + 17. Let h be a(-2). Let s(o) = -o**2 + 7*o + 1. Let m be s(6). What is the highest common divisor of m and h?
7
Let l = 327 + -301. What is the greatest common divisor of 468 and l?
26
Suppose 6*a - 4*b - 10 = 3*a, -4*b + 20 = 2*a. Let r = 6 + a. Suppose -2*y + 109 + 83 = 0. What is the highest common divisor of r and y?
12
Let n = -493 - -508. Let r(l) = -5*l**3. Let q be r(-3). Calculate the highest common divisor of q and n.
15
Let x be (-2246)/18 - 2/9. Let n = -74 - x. Let m = n - -21. Calculate the highest common divisor of 9 and m.
9
Suppose 3*i + 4 = j, 2*j = -125*i + 120*i + 30. Suppose -4*b + c = -27 - 8, -15 = -4*b + 5*c. What is the greatest common factor of j and b?
10
Let l be (-4 - -43) + -2*1. Suppose 4*p - 16 = 2*f, -10*p - 5*f - 14 = -7*p. Let d = p + l. Calculate the greatest common factor of 13 and d.
13
Let s(y) = -2*y**3 + y**2 + 9*y - 4. Let h be s(-3). Calculate the highest common divisor of 4096 and h.
32
Suppose -65*d = -94*d + 6699. What is the highest common factor of d and 165?
33
Suppose 2520 = 4*g + 2*g. Suppose 0*v = 4*v - g. Let k = 57 + -36. What is the greatest common factor of v and k?
21
Let r(g) = 3*g + 3. Let k be r(4). Suppose 4*y - 12*y + 240 = 0. Calculate the highest common factor of k and y.
15
Suppose -4*z + 32 = -2*z. Let s be -46 + 8/12*3. Let g = s - -52. What is the greatest common divisor of z and g?
8
Let i(l) = 3*l + 13. Suppose 5*p = -4*y + 10 + 15, 10 = 2*p - 2*y. Let r be i(p). Calculate the greatest common factor of r and 28.
28
Suppose 2*m - 4*d = -6, 0*m = -5*m - 5*d + 60. Let i = -1 - -1. Suppose i = 5*r - 22 + m. What is the greatest common factor of 3 and r?
3
Let u be (-1)/(1/(-4)) - -1. Let o = 317 + -212. Suppose 22*g - 19*g = o. Calculate the greatest common factor of g and u.
5
Let n(h) = -h**2 + 7*h + 8. Let u = -29 + 34. Let q be n(u). Calculate the highest common factor of 36 and q.
18
Suppose -4*a + 4*r + 84 = 0, a - 4*r = 5 + 19. Calculate the highest common factor of a and 10.
10
Let i be -6 + (26 - -5) - -4. What is the highest common factor of 232 and i?
29
Let y(o) = 58*o - 12. Let k be y(2). What is the greatest common factor of k and 39?
13
Suppose 0 = -f + 14*f - 4095. Calculate the greatest common factor of 45 and f.
45
Let b = -345 + 355. What is the highest common factor of 45 and b?
5
Let z = -119 - -123. Suppose 0 = -5*g - 3*x + 180, 4*g - z*x - 145 = -g. What is the greatest common divisor of 297 and g?
33
Let a(l) = 2*l. Let c be a(0). Suppose 3*h - 2*y - 3*y - 58 = c, -5*h + 122 = -2*y. What is the highest common factor of h and 13?
13
Suppose -2*g = -14 - 6. Suppose g = m - 5. Calculate the highest common divisor of m and 120.
15
Let j = -99 - -114. What is the highest common factor of 40 and j?
5
Suppose 33 = 5*h + 13. Suppose -j = 3 - 5, 5*z - h*j - 817 = 0. What is the highest common factor of z and 11?
11
Suppose -43*y + 25*y = -666. Calculate the highest common divisor of y and 259.
37
Let s = -263 - -149. Let y be (-18 + 20)/((-4)/s). Calculate the highest common factor of y and 19.
19
Let h be ((-26)/(-65) + (-476)/(-10))/2. What is the greatest common divisor of 60 and h?
12
Let m = -332 + 344. Calculate the greatest common divisor of 528 and m.
12
Suppose -3*r + 36 = -p - 2, 5*r = 5*p + 70. Calculate the highest common divisor of r and 30.
6
Let j = -8 - -24. Suppose -g + 8*g = 21. Suppose -4*b + 5*a = 12, -4*b = -2*b - g*a + 8. What is the highest common factor of j and b?
2
Let t = -76 + 108. What is the highest common factor of 96 and t?
32
Suppose 3*f = -0*f. Suppose f = -4*u - 0*u + 36. Let m be (-4)/(-6) - (-2)/(12/50). What is the greatest common divisor of u and m?
9
Let l be (153/36)/((-3)/(-48)). Calculate the highest common divisor of l and 612.
68
Let c(r) = 21*r + 174. Let l be c(-6). Calculate the greatest common factor of 36 and l.
12
Let a be ((-1)/2)/(1*5/(-120)). Let x = -220 - -424. Calculate 